
Suppose 4 + 12 = 2*j. What is the greatest common divisor of j and 24?
8
Let w be (-128)/(-22) + 8/44. Suppose -u + w = u. Suppose 3*n + 11 = 4*a + 32, -5*n + u*a + 46 = 0. What is the highest common divisor of n and 33?
11
Let v = -75 - -87. Calculate the highest common divisor of 3 and v.
3
Let z be 1/(-2*(-1)/26). Let f = 4 + z. Let j be 597/5 - 3/((-45)/(-6)). What is the greatest common divisor of f and j?
17
Let u be (-100)/(-10)*(0 - -8). Suppose -15 = -3*y, 2*y = -3*h + 2*h + 42. What is the highest common factor of h and u?
16
Let f(o) = -o**3 - 4*o**2 - o - 8. Let b be f(-5). What is the greatest common factor of b and 4?
2
Let w be -1*51/(-6)*6. Let t = w + -21. Calculate the highest common factor of 6 and t.
6
Let y be 2/5 - (-136)/10. Let s = -3 - -1. Let h(z) = -18*z - 1. Let o be h(s). Calculate the greatest common divisor of y and o.
7
Let b = 153 - 93. Calculate the greatest common factor of 24 and b.
12
Let f(y) be the third derivative of -y**6/120 - y**5/60 - y**4/12 - y**3/6 + 4*y**2. Let h be f(-1). Calculate the highest common divisor of 3 and h.
1
Let y be (1 + 49)/(-5 - -6). Suppose -3*d = -2*d - 10. Calculate the highest common factor of y and d.
10
Let a = 12 + -6. Suppose -3*o + t - a = -21, 5*o + 3*t = 25. Suppose 5*k + o*i = 370, 5*k + 2*i - i - 362 = 0. What is the greatest common factor of 9 and k?
9
Let h(w) = -6*w + 4*w**2 - 3*w**2 + 5 + 0*w**2. Let x be h(6). Suppose 0 = -x*l - 15, 0 = -2*b + 5*l + 26 + 13. What is the greatest common divisor of 8 and b?
4
Suppose 229 + 96 = 5*p. Suppose -2*y - y = -5*o - 88, 0 = -o - 2. Calculate the greatest common factor of y and p.
13
Let b = 19 + -7. Let k(c) = -c**2 - 18*c - 14. Let h be k(-17). Calculate the greatest common divisor of h and b.
3
Let f(q) = -q + 10. Let x(u) = -9. Let s be (-3 - 18/(-2)) + -1. Let g(h) = s*f(h) + 6*x(h). Let n be g(-5). Calculate the greatest common divisor of 231 and n.
21
Let f = 20 + -16. Let u(z) = 5*z - 10. Let m be u(f). Calculate the greatest common factor of 20 and m.
10
Suppose 3*m - 37 = -4*j + 4*m, 0 = 5*m + 5. Let y = -5 + j. Let f be y/10 - 15/(-25). Calculate the greatest common factor of 2 and f.
1
Let y(k) = -k**3 + 14*k**2 - 11*k - 25. Let m be y(13). Calculate the greatest common divisor of m and 1.
1
Let d(o) = o**2 + 9*o + 9. Let c be d(-6). Let w be (0 - c/(-6))*-10. What is the highest common divisor of w and 30?
15
Let y = 17 + -15. Suppose 4*o - 22 = y*o. What is the highest common divisor of o and 77?
11
Let f be 1 + 1 + -3 - -6. Let y be -3 + 0 + 10 - -1. Let p = y + f. Calculate the greatest common factor of 26 and p.
13
Let u = 11 - 10. Let g(q) = 21*q**3 + q**2 - q. Let t be g(u). What is the highest common divisor of t and 63?
21
Suppose -p - d + 28 = 0, -d = 3*p - 4*d - 66. Suppose 0 = 4*b + b - p. What is the highest common divisor of b and 25?
5
Let s be 121/7 - 2/7. Let v(a) = -a**3 + 8*a**2 - 3*a + 7. Let b be v(6). Let k = b - 27. What is the highest common factor of k and s?
17
Suppose 0*p = -i + 4*p + 23, -3*i = -2*p - 19. Suppose -2*l + 1 = -3, i*j = 3*l + 33. Calculate the highest common divisor of 52 and j.
13
Let c = -4 - -13. Calculate the greatest common factor of c and 18.
9
Suppose 141 = 5*r - 0*q + 3*q, -4*r + 114 = 2*q. What is the greatest common factor of 12 and r?
6
Suppose -i = -3*i - 4. Let m be 32 - (-2 + 4 + i). Calculate the highest common factor of 8 and m.
8
Suppose -t + 14 = 3*x + x, -2*t + 10 = -x. What is the highest common factor of t and 42?
6
Suppose 0*k = -3*k + 3*g + 36, -5*k = 5*g - 10. Let c(t) = 23*t + 7. Let p be c(k). What is the highest common divisor of 24 and p?
24
Suppose 0 = 5*f - 5*q - 0*q, -14 = -2*f - 5*q. Suppose 5*w - 4*w - 10 = 0. What is the greatest common factor of w and f?
2
Suppose -10*m = 63 - 213. Calculate the highest common divisor of 105 and m.
15
Let c(x) = -15*x**3 + x + 1. Let r be c(-1). Suppose 2*p - p = r. What is the greatest common factor of p and 75?
15
Let z be (-83)/(-5) + 26/65. What is the highest common factor of 153 and z?
17
Suppose -141 = -4*s - u, -6*s = -4*s - 4*u - 66. What is the highest common divisor of s and 175?
35
Suppose i + 0*i = -15. Let r = 29 + i. Calculate the greatest common divisor of r and 98.
14
Let a be (-48)/10 - 9/45. Let k(w) = w**2 - 3*w - 4. Let t be k(a). Calculate the greatest common factor of t and 24.
12
Let b = -43 + 79. What is the greatest common divisor of 90 and b?
18
Suppose 11 = f - 9. Let l be 4/(-22) + 1688/88. Let i = -11 + l. What is the greatest common factor of i and f?
4
Let l(v) = 2*v**2 + v + 2. Let m be l(0). Let d = m - -43. Calculate the greatest common factor of d and 5.
5
Suppose 5*l = n - 14, 0*n = 4*n + 3*l - 10. Let v be n/14 - 229/(-7). Suppose -5*c + 33 = -2*c. Calculate the highest common divisor of v and c.
11
Suppose 112 = d + 3*d. Let g = -126 - -196. Calculate the greatest common factor of g and d.
14
Let g(a) = -6*a**2 - 3*a + 2. Let i(x) = -31*x**2 - 16*x + 11. Let u(c) = -33*g(c) + 6*i(c). Let b be u(-2). What is the highest common divisor of b and 14?
14
Suppose -2*b - 8 = -6*b. Let o be (b + -1)/((-1)/(-6)). Suppose 0 = -2*z - z + o. What is the greatest common factor of 10 and z?
2
Let c be (-8)/(-12) + 8/6. Let u(a) = 10*a**3 - 4*a**2 + a + 2. Let y be u(c). Calculate the greatest common factor of 17 and y.
17
Let d = 44 + -14. Let g = 25 - 19. Calculate the highest common divisor of g and d.
6
Let j = 3 - -1. Let z(k) = k**3 - 5*k**2 + 4*k + 2. Let y be z(j). Calculate the greatest common factor of 1 and y.
1
Let p(d) be the first derivative of 7*d**3/3 + 5*d**2/2 - 2*d - 2. Let z be p(-4). Let s = 19 - 10. What is the highest common divisor of z and s?
9
Suppose 2*o = 107 - 27. Suppose 0*n + o = 5*n. What is the highest common factor of 64 and n?
8
Suppose p = -2*x - 8, 5*p + x + 4*x = -15. Suppose p*r - 5*k = 50, 5*r + 2*k + 0*k - 96 = 0. What is the highest common factor of r and 10?
10
Suppose 332 = 5*l + 52. What is the highest common divisor of l and 7?
7
Let k be (12/10)/(4/80). What is the highest common factor of k and 120?
24
Suppose 2*c - v = 3*v + 38, v = -5. What is the highest common factor of c and 9?
9
Let f(d) = d**3 - 6*d**2 + 3*d - 8. Let t be f(6). Let c(x) = x**2 - 8*x - 9. Let u be c(t). Calculate the greatest common factor of 66 and u.
11
Let g = 70 - 69. Suppose -5 - 32 = -2*b + 5*u, 2*b + 13 = -5*u. Calculate the greatest common divisor of b and g.
1
Suppose 0 = 5*v - 14 - 1. Suppose 91 + 5 = 4*y. Suppose -111 = -5*k + y. What is the highest common divisor of v and k?
3
Suppose 2 = -y + 7. Suppose y*o = 151 + 89. What is the highest common factor of o and 12?
12
Let l(g) = -g**3 + 0*g**3 - 2*g + 2*g**3 + 9 - 6*g**2. Let r be l(6). Let x be (20 + -3 - r) + -2. What is the highest common divisor of 2 and x?
2
Let j = 84 + -70. What is the highest common divisor of 21 and j?
7
Let t be 1/((-4)/4)*-49. Calculate the highest common factor of t and 7.
7
Let r = -24 + 48. Let v(x) = -x**2 + 5. Let y be v(0). Let a(n) = -n**3 + 5*n**2 + 4*n - 4. Let m be a(y). What is the greatest common divisor of m and r?
8
Suppose s + 4*s + 4*f = 66, 2*f + 12 = 2*s. Calculate the highest common factor of s and 25.
5
Let a = -9 - -13. Suppose 3*g + g - 292 = a*u, 2*u - 154 = -2*g. What is the greatest common divisor of 30 and g?
15
Suppose -m = -4*m + 3. Calculate the greatest common divisor of m and 2.
1
Suppose 5*b = 2*d + 9, d - 2*b + 4 = 1. Suppose -d = -c + m, -4*c + 6*m - 3*m + 16 = 0. What is the greatest common divisor of c and 56?
7
Suppose 2*s = -7 + 95. Suppose 0*b = -b + s. What is the highest common factor of b and 4?
4
Let j = -4 - -6. Suppose 0 = 6*y - j*y - 360. Suppose 4*k = k + y. Calculate the highest common divisor of k and 45.
15
Let c be ((-144)/(-42))/(2/7). Calculate the greatest common factor of c and 8.
4
Suppose c - 8 = 4*m, 3*c + 3*m + 4 = 13. Suppose -5*w + 19 = -c*b, 2*b - 9 = -1. Let h = 12 - 5. Calculate the highest common factor of h and w.
7
Suppose 0 = -0*g + 4*g - 72. What is the highest common divisor of g and 2?
2
Let z(p) = 1614*p**2 + 1. Let o be z(-1). Suppose 0*t + 5*t = o. Suppose 4*f - t = -5*a - 106, -2*f + 76 = -4*a. What is the greatest common factor of 6 and f?
6
Let o(z) = -15 + z - 3*z + 5. Let i be o(-7). 